{"id":931,"date":"2025-06-08T00:29:13","date_gmt":"2025-06-07T22:29:13","guid":{"rendered":"https:\/\/melic-creations.fr\/?post_type=product&#038;p=931"},"modified":"2025-08-26T22:15:52","modified_gmt":"2025-08-26T20:15:52","slug":"931","status":"publish","type":"product","link":"https:\/\/melic-creations.fr\/index.php\/produit\/931\/","title":{"rendered":""},"content":{"rendered":"<p>porte monnaie<\/p>\n<p>ext\u00e9rieur lin beige , int\u00e9rieur g\u00e9om\u00e9trique kaki\/ vert<\/p>\n<p>&nbsp;<\/p>\n<p>taille 15*9cm<\/p>\n","protected":false},"excerpt":{"rendered":"<p>porte monnaie ext\u00e9rieur lin beige , int\u00e9rieur g\u00e9om\u00e9trique kaki\/ vert &nbsp; taille 15*9cm<\/p>\n","protected":false},"featured_media":924,"template":"","meta":[],"product_cat":[16,40,43],"product_tag":[],"class_list":{"0":"post-931","1":"product","2":"type-product","3":"status-publish","4":"has-post-thumbnail","6":"product_cat-non-classe","7":"product_cat-accessoires","8":"product_cat-porte-monnaie","10":"first","11":"outofstock","12":"shipping-taxable","13":"purchasable","14":"product-type-simple"},"jetpack_sharing_enabled":true,"_links":{"self":[{"href":"https:\/\/melic-creations.fr\/index.php\/wp-json\/wp\/v2\/product\/931","targetHints":{"allow":["GET"]}}],"collection":[{"href":"https:\/\/melic-creations.fr\/index.php\/wp-json\/wp\/v2\/product"}],"about":[{"href":"https:\/\/melic-creations.fr\/index.php\/wp-json\/wp\/v2\/types\/product"}],"wp:featuredmedia":[{"embeddable":true,"href":"https:\/\/melic-creations.fr\/index.php\/wp-json\/wp\/v2\/media\/924"}],"wp:attachment":[{"href":"https:\/\/melic-creations.fr\/index.php\/wp-json\/wp\/v2\/media?parent=931"}],"wp:term":[{"taxonomy":"product_cat","embeddable":true,"href":"https:\/\/melic-creations.fr\/index.php\/wp-json\/wp\/v2\/product_cat?post=931"},{"taxonomy":"product_tag","embeddable":true,"href":"https:\/\/melic-creations.fr\/index.php\/wp-json\/wp\/v2\/product_tag?post=931"}],"curies":[{"name":"wp","href":"https:\/\/api.w.org\/{rel}","templated":true}]}}