{"id":923,"date":"2025-06-08T00:26:03","date_gmt":"2025-06-07T22:26:03","guid":{"rendered":"https:\/\/melic-creations.fr\/?post_type=product&#038;p=923"},"modified":"2025-06-10T14:24:12","modified_gmt":"2025-06-10T12:24:12","slug":"923","status":"publish","type":"product","link":"https:\/\/melic-creations.fr\/index.php\/produit\/923\/","title":{"rendered":""},"content":{"rendered":"<p>Porte monnaie<\/p>\n<p>beige ext\u00e9rieur lin , int\u00e9rieur fleurs bleus<\/p>\n<p>fermeture \u00e9clair dor\u00e9<\/p>\n<p>&nbsp;<\/p>\n<p>Taille 15*9 cm<\/p>\n","protected":false},"excerpt":{"rendered":"<p>Porte monnaie beige ext\u00e9rieur lin , int\u00e9rieur fleurs bleus fermeture \u00e9clair dor\u00e9 &nbsp; Taille 15*9 cm<\/p>\n","protected":false},"featured_media":925,"template":"","meta":[],"product_cat":[16,40,43],"product_tag":[],"class_list":{"0":"post-923","1":"product","2":"type-product","3":"status-publish","4":"has-post-thumbnail","6":"product_cat-non-classe","7":"product_cat-accessoires","8":"product_cat-porte-monnaie","10":"first","11":"outofstock","12":"shipping-taxable","13":"purchasable","14":"product-type-simple"},"jetpack_sharing_enabled":true,"_links":{"self":[{"href":"https:\/\/melic-creations.fr\/index.php\/wp-json\/wp\/v2\/product\/923","targetHints":{"allow":["GET"]}}],"collection":[{"href":"https:\/\/melic-creations.fr\/index.php\/wp-json\/wp\/v2\/product"}],"about":[{"href":"https:\/\/melic-creations.fr\/index.php\/wp-json\/wp\/v2\/types\/product"}],"wp:featuredmedia":[{"embeddable":true,"href":"https:\/\/melic-creations.fr\/index.php\/wp-json\/wp\/v2\/media\/925"}],"wp:attachment":[{"href":"https:\/\/melic-creations.fr\/index.php\/wp-json\/wp\/v2\/media?parent=923"}],"wp:term":[{"taxonomy":"product_cat","embeddable":true,"href":"https:\/\/melic-creations.fr\/index.php\/wp-json\/wp\/v2\/product_cat?post=923"},{"taxonomy":"product_tag","embeddable":true,"href":"https:\/\/melic-creations.fr\/index.php\/wp-json\/wp\/v2\/product_tag?post=923"}],"curies":[{"name":"wp","href":"https:\/\/api.w.org\/{rel}","templated":true}]}}