{"id":859,"date":"2025-04-15T10:45:27","date_gmt":"2025-04-15T08:45:27","guid":{"rendered":"https:\/\/melic-creations.fr\/?post_type=product&#038;p=859"},"modified":"2026-03-15T17:37:17","modified_gmt":"2026-03-15T16:37:17","slug":"summer","status":"publish","type":"product","link":"https:\/\/melic-creations.fr\/index.php\/produit\/summer\/","title":{"rendered":"Summer marguerite"},"content":{"rendered":"<p>Banane Taille S de la collection \u00ab\u00a0Summer\u00a0\u00bb<\/p>\n<p>&#8211;&gt; la margeurite<\/p>\n<p>toujours avec une poche zipp\u00e9e \u00e0 l&rsquo;int\u00e9rieure et une accroche clefs<\/p>\n<p><strong>si en rupture commande possible , d\u00e9lai de cr\u00e9ations 4-5 semaines<\/strong><\/p>\n","protected":false},"excerpt":{"rendered":"<p>Banane Taille S de la collection \u00ab\u00a0Summer\u00a0\u00bb &#8211;&gt; la margeurite toujours avec une poche zipp\u00e9e \u00e0 l&rsquo;int\u00e9rieure et une accroche clefs si en rupture commande possible , d\u00e9lai de cr\u00e9ations 4-5 semaines<\/p>\n","protected":false},"featured_media":855,"template":"","meta":[],"product_cat":[19,22],"product_tag":[],"class_list":{"0":"post-859","1":"product","2":"type-product","3":"status-publish","4":"has-post-thumbnail","6":"product_cat-bananes","7":"product_cat-bananes-taille-s","9":"first","10":"onbackorder","11":"shipping-taxable","12":"purchasable","13":"product-type-simple"},"jetpack_sharing_enabled":true,"_links":{"self":[{"href":"https:\/\/melic-creations.fr\/index.php\/wp-json\/wp\/v2\/product\/859","targetHints":{"allow":["GET"]}}],"collection":[{"href":"https:\/\/melic-creations.fr\/index.php\/wp-json\/wp\/v2\/product"}],"about":[{"href":"https:\/\/melic-creations.fr\/index.php\/wp-json\/wp\/v2\/types\/product"}],"wp:featuredmedia":[{"embeddable":true,"href":"https:\/\/melic-creations.fr\/index.php\/wp-json\/wp\/v2\/media\/855"}],"wp:attachment":[{"href":"https:\/\/melic-creations.fr\/index.php\/wp-json\/wp\/v2\/media?parent=859"}],"wp:term":[{"taxonomy":"product_cat","embeddable":true,"href":"https:\/\/melic-creations.fr\/index.php\/wp-json\/wp\/v2\/product_cat?post=859"},{"taxonomy":"product_tag","embeddable":true,"href":"https:\/\/melic-creations.fr\/index.php\/wp-json\/wp\/v2\/product_tag?post=859"}],"curies":[{"name":"wp","href":"https:\/\/api.w.org\/{rel}","templated":true}]}}