{"id":1224,"date":"2026-03-15T16:55:27","date_gmt":"2026-03-15T15:55:27","guid":{"rendered":"https:\/\/melic-creations.fr\/?post_type=product&#038;p=1224"},"modified":"2026-03-25T22:25:08","modified_gmt":"2026-03-25T21:25:08","slug":"s-fleuri-molletonne","status":"publish","type":"product","link":"https:\/\/melic-creations.fr\/index.php\/produit\/s-fleuri-molletonne\/","title":{"rendered":"fleuri molletonn\u00e9"},"content":{"rendered":"<p>banane tissu molletonn\u00e9 fleuri taille S<\/p>\n<p>fermeture dor\u00e9<\/p>\n<p>si dispo envoi sous 3 jours ouvr\u00e9s , si en commande 3 semaines de d\u00e9lai.<\/p>\n","protected":false},"excerpt":{"rendered":"<p>banane tissu molletonn\u00e9 fleuri taille S fermeture dor\u00e9 si dispo envoi sous 3 jours ouvr\u00e9s , si en commande 3 semaines de d\u00e9lai.<\/p>\n","protected":false},"featured_media":1217,"template":"","meta":[],"product_cat":[16,19,22],"product_tag":[],"class_list":{"0":"post-1224","1":"product","2":"type-product","3":"status-publish","4":"has-post-thumbnail","6":"product_cat-non-classe","7":"product_cat-bananes","8":"product_cat-bananes-taille-s","10":"first","11":"onbackorder","12":"shipping-taxable","13":"purchasable","14":"product-type-simple"},"jetpack_sharing_enabled":true,"_links":{"self":[{"href":"https:\/\/melic-creations.fr\/index.php\/wp-json\/wp\/v2\/product\/1224","targetHints":{"allow":["GET"]}}],"collection":[{"href":"https:\/\/melic-creations.fr\/index.php\/wp-json\/wp\/v2\/product"}],"about":[{"href":"https:\/\/melic-creations.fr\/index.php\/wp-json\/wp\/v2\/types\/product"}],"wp:featuredmedia":[{"embeddable":true,"href":"https:\/\/melic-creations.fr\/index.php\/wp-json\/wp\/v2\/media\/1217"}],"wp:attachment":[{"href":"https:\/\/melic-creations.fr\/index.php\/wp-json\/wp\/v2\/media?parent=1224"}],"wp:term":[{"taxonomy":"product_cat","embeddable":true,"href":"https:\/\/melic-creations.fr\/index.php\/wp-json\/wp\/v2\/product_cat?post=1224"},{"taxonomy":"product_tag","embeddable":true,"href":"https:\/\/melic-creations.fr\/index.php\/wp-json\/wp\/v2\/product_tag?post=1224"}],"curies":[{"name":"wp","href":"https:\/\/api.w.org\/{rel}","templated":true}]}}