{"id":1132,"date":"2025-11-20T16:33:38","date_gmt":"2025-11-20T15:33:38","guid":{"rendered":"https:\/\/melic-creations.fr\/?post_type=product&#038;p=1132"},"modified":"2026-03-14T17:49:23","modified_gmt":"2026-03-14T16:49:23","slug":"1132","status":"publish","type":"product","link":"https:\/\/melic-creations.fr\/index.php\/produit\/1132\/","title":{"rendered":"cotel\u00e9 ivoire"},"content":{"rendered":"<p>banane taille XS ou enfant ( a pr\u00e9ciser pour la cr\u00e9ation car m\u00e9trage sangle diff\u00e9rent)<\/p>\n<p>velours c\u00f4tel\u00e9 ivoire<\/p>\n<p>commande possible d\u00e9lai de cr\u00e9ation 3-4 semaines<\/p>\n","protected":false},"excerpt":{"rendered":"<p>banane taille XS ou enfant ( a pr\u00e9ciser pour la cr\u00e9ation car m\u00e9trage sangle diff\u00e9rent) velours c\u00f4tel\u00e9 ivoire commande possible d\u00e9lai de cr\u00e9ation 3-4 semaines<\/p>\n","protected":false},"featured_media":1130,"template":"","meta":[],"product_cat":[28,19,27],"product_tag":[],"class_list":{"0":"post-1132","1":"product","2":"type-product","3":"status-publish","4":"has-post-thumbnail","6":"product_cat-banane","7":"product_cat-bananes","8":"product_cat-enfant","10":"first","11":"onbackorder","12":"shipping-taxable","13":"purchasable","14":"product-type-simple"},"jetpack_sharing_enabled":true,"_links":{"self":[{"href":"https:\/\/melic-creations.fr\/index.php\/wp-json\/wp\/v2\/product\/1132","targetHints":{"allow":["GET"]}}],"collection":[{"href":"https:\/\/melic-creations.fr\/index.php\/wp-json\/wp\/v2\/product"}],"about":[{"href":"https:\/\/melic-creations.fr\/index.php\/wp-json\/wp\/v2\/types\/product"}],"wp:featuredmedia":[{"embeddable":true,"href":"https:\/\/melic-creations.fr\/index.php\/wp-json\/wp\/v2\/media\/1130"}],"wp:attachment":[{"href":"https:\/\/melic-creations.fr\/index.php\/wp-json\/wp\/v2\/media?parent=1132"}],"wp:term":[{"taxonomy":"product_cat","embeddable":true,"href":"https:\/\/melic-creations.fr\/index.php\/wp-json\/wp\/v2\/product_cat?post=1132"},{"taxonomy":"product_tag","embeddable":true,"href":"https:\/\/melic-creations.fr\/index.php\/wp-json\/wp\/v2\/product_tag?post=1132"}],"curies":[{"name":"wp","href":"https:\/\/api.w.org\/{rel}","templated":true}]}}